 c be (-6)/(-27) + 43/o. Suppose 3*d - 65 = -5*v, -2*d + 12 = c*v - 58. Is v a multiple of 8?
True
Suppose -f + 33 - 13 = 4*m, 3*f - 99 = m. Suppose 2*r + 10 = -0*r. Is (r/10)/((-2)/f) a multiple of 4?
True
Suppose b - 81 = 126. Is 16 a factor of b?
False
Does 20 divide (-24 - 0)*15/(-9)?
True
Suppose 10 = -3*h + 5*h. Suppose -5*p + 66 = 4*w - 1, -23 = -w + h*p. Is w a multiple of 18?
True
Let i be 14/(-6)*1*3. Let z(k) = -k - 3. Let y be z(i). Suppose -y*x + 67 = -41. Is x a multiple of 9?
True
Let f = -37 - -37. Let j be 1*4 + 2/(-2). Suppose f = -j*c - 0*c + 21. Does 7 divide c?
True
Let p = 487 + -291. Suppose -5*l + 3*m = -p, 12 = 3*l + 3*m - 96. Is 19 a factor of l?
True
Let f(i) = 7*i + 3. Let r = 17 + -12. Is 11 a factor of f(r)?
False
Suppose 0*b + 5*b - 20 = 0. Suppose -n = d - b, 4*d + 3 = 5*n - 8. Suppose 0 = -n*w - v + 79, 0*w + 3*w - 76 = 2*v. Is 13 a factor of w?
True
Suppose -4*j = -3*j - 2. Suppose j*l - 32 - 44 = 0. Does 16 divide l?
False
Let c = 184 + 31. Is 18 a factor of c?
False
Suppose -5*q + 117 - 22 = 0. Is 10 a factor of q?
False
Let f(s) = -4*s + s + 7*s - 5*s**2 + s**3 - 29 + 33. Is 13 a factor of f(5)?
False
Suppose 3*k = -2*k - 100. Let i(r) = -11*r + 2. Let c be i(6). Let b = k - c. Is 22 a factor of b?
True
Suppose 0 = 4*w - 0*w - 420. Suppose w = 3*q - 117. Suppose 4*m - q = -14. Is m a multiple of 15?
True
Let a = 0 + 3. Suppose 4*f = 3*o - f - 17, a*f = -2*o + 24. Suppose m + 0 = o. Is m a multiple of 9?
True
Let g = -114 - -209. Does 14 divide g?
False
Suppose 0*t = -2*t + 66. Is 7 a factor of t?
False
Let c(x) = 7*x**3 + 4*x**2 - 2*x + x - x**3 - 3 + 1. Is 14 a factor of c(2)?
False
Let w be ((-28)/(-3))/((-6)/(-9)). Is 9 a factor of (-2093)/(-49) + 4/w?
False
Let x(u) = -u**2 + 6*u - 5. Let i be x(3). Suppose 3*s + 14 = n, -s = -i*n - 4 + 49. Does 5 divide n?
False
Suppose -3*m - 51 = 5*q - 228, -3*q - m + 103 = 0. Is q a multiple of 11?
True
Suppose -h = 2*d - 22, 2*d + 5*h + 30 = 6*d. Let t = -8 + d. Suppose -t*q = -q - 2. Is q a multiple of 2?
True
Let m(x) = 13*x**2 + x - 4. Is 5 a factor of m(2)?
True
Let h be 2/(1 - 3) + 4. Suppose -h*x + 4 = -119. Does 15 divide x?
False
Let b(i) = -i**3 - 5*i**2 - 5*i. Let u be b(-4). Let z(s) = 3*s**2 + s + 12 - 14 - s. Is 17 a factor of z(u)?
False
Let s(d) be the third derivative of 0 + 0*d**4 + 0*d - 1/6*d**3 + 1/30*d**5 - d**2 + 11/30*d**6. Does 20 divide s(1)?
False
Suppose 2*i - 5*w - 336 = 0, 2*i = 6*i - 2*w - 640. Is 24 a factor of i?
False
Let f be (-1 + 54)/(-1) - 0. Let u = f - -98. Suppose -u = 3*d - 4*d. Is 15 a factor of d?
True
Let x be 2/8 + (-22)/(-8). Is x - 2 - 5*-1 a multiple of 6?
True
Let g(u) = -8*u + 10. Suppose 0 = v - 14 + 19. Is g(v) a multiple of 14?
False
Let i(z) = 5*z - 1. Let g be i(2). Suppose -2*x - 22 = -2*y, x = -2*x - g. Is 8 a factor of y?
True
Suppose 0*x - 15 = -5*x. Suppose -3*t - 24 = -3*u, -3*t = -5*u - 2*t + 28. Suppose -4*h + x*h + 3*j = -4, u*h = 2*j + 33. Is 4 a factor of h?
False
Let t = 12 + -8. Let i be (4/(-6))/(t/(-30)). Suppose -5*o = -z - 3*z - 26, i*o + 2*z - 32 = 0. Is 4 a factor of o?
False
Suppose 2*y - 2 = -h, 5*y - 3 - 7 = -5*h. Suppose h*w = 12 + 18. Is w a multiple of 15?
True
Let f(m) = m**2 - m + 4. Let i be f(-5). Let n = 48 - i. Does 12 divide n?
False
Does 9 divide (8/(-10))/(3/(-195))?
False
Suppose -5*t - 4*f + 125 = 0, 2*t - f = 3*f + 22. Is 7 a factor of t?
True
Suppose 3*p = 3*a + 84, p - 2*a = -3*a + 32. Does 12 divide p?
False
Let x = 129 + -49. Does 20 divide x?
True
Let u(q) = 0*q**2 - q**2 - q**2 - q**2. Let p be u(2). Let v = p - -40. Is 11 a factor of v?
False
Suppose -i + 0*i - 40 = 3*k, -4*k - 5*i = 57. Let f = 31 + k. Does 18 divide f?
True
Let s = -9 - -11. Suppose 4 = s*f - 6. Is f even?
False
Let a be 1/2*(-85 + -1). Let j = a - -64. Does 9 divide j?
False
Let o(v) = -v**3 - 7*v**2 + 9*v - 8. Let d be o(-8). Is (46/8)/((-4)/d) a multiple of 5?
False
Suppose 5*j + w = 360, 3*j = -w + 1 + 215. Is 6 a factor of j?
True
Let l(w) be the third derivative of 0*w - 2*w**2 + 0 + 0*w**3 + 1/6*w**4. Is l(1) a multiple of 4?
True
Let l(k) = 7*k**2 - 2*k - 3. Let a be l(-3). Suppose -2*g = -2*o - 2*o + a, 22 = 3*o + 4*g. Does 6 divide o?
False
Suppose s + 5 = 2. Is -11*(s - -3 - 1) a multiple of 11?
True
Let r(c) = -280*c**3 + c. Is r(-1) a multiple of 54?
False
Let z(n) = 17*n - 1. Let y be z(8). Suppose 3*j = 3*r + y, -2*j = -4*j - r + 96. Suppose j = -5*m + 182. Is 7 a factor of m?
False
Let i = 100 + 76. Is 44 a factor of i?
True
Suppose 7 = 3*o - 11. Suppose 14 = -o*g + 4*g. Is 14 a factor of 24/(-16)*2*g?
False
Suppose 4*l - 6 = -2*x, 3*l + 3 = 4*l. Is x/7 + 31/7 a multiple of 4?
True
Suppose 0 = 3*l - 4*l + 21. Let d = 57 - l. Is d a multiple of 26?
False
Suppose -5*m = -2*m. Suppose -a + 16 = 2*z - m, -4*z + a = -32. Does 3 divide z?
False
Is 8 a factor of ((-8)/(-5))/(1/5)?
True
Let s be 3 + 2 - (-3 - -5). Suppose 0 = s*h + 2*g - 63, -2*h - 2*g - 8 = -48. Does 23 divide h?
True
Let j = 93 + -53. Suppose p - 6*p = -j. Suppose 4*x = -p + 128. Is x a multiple of 14?
False
Suppose 3*m = -m + 56. Does 7 divide m?
True
Let d be 3 - (-2)/((-6)/21). Let w(n) = n**2 - n - 3. Does 9 divide w(d)?
False
Let g(j) = -21*j - 13. Is g(-6) a multiple of 13?
False
Is (4/(-6)*4)/(4/(-564)) a multiple of 40?
False
Let b(y) = -y**3 - 2*y**2 - y + 7. Does 24 divide b(-5)?
False
Suppose 0 = r + 1 + 5. Let q be ((-15)/r)/((-3)/(-6)). Suppose 8 = s - l, -4*s = q*l - 51 - 8. Does 3 divide s?
False
Let v(l) = 2*l**3 - 7*l**2 + 3*l + 4. Is v(4) a multiple of 6?
False
Let c = 6 + -1. Suppose -c*g + 107 = 4*a - 2*g, 0 = 3*a + 5*g - 94. Does 21 divide a?
False
Let b = 74 - 36. Let g(a) = -2 + b*a + 2 - 1. Is g(1) a multiple of 19?
False
Let c be (-12)/(-30) + (-2)/5. Suppose 0*h - 14 = -h + 3*v, c = 4*h + 2*v - 56. Does 14 divide h?
True
Let i(k) = k**2 - k - 10. Is 2 a factor of i(-3)?
True
Suppose -5*q + 272 = 4*f, -q - 2*f + 52 = -0*q. Is q a multiple of 8?
True
Let o(f) = 26*f - 14. Is 28 a factor of o(7)?
True
Let b(t) = t**3 + t**2 - 2*t. Let n be b(-3). Is 5 a factor of (-8)/((-2)/n*-4)?
False
Let k be 8/48 - 109/6. Let v(c) = -c - 1. Let b be v(2). Is 6 a factor of (-22)/b + 6/k?
False
Let d(h) = h - 7. Let q(x) = x - 3. Let r(a) = 2*d(a) - 5*q(a). Let t be r(4). Is -1*1*(t - -5) a multiple of 3?
True
Suppose -4*x = -7*v + 3*v - 548, x - 3*v - 141 = 0. Does 23 divide x?
False
Let g(m) = -2*m**3 + 6*m**2 + 3*m + 1. Let r(q) = q**3 - 6*q**2 - 3*q - 2. Let h(b) = 3*g(b) + 4*r(b). Let p = 8 + -12. Is h(p) a multiple of 17?
False
Let p = 0 - 0. Is (-38 - -1)*(-1 - p) a multiple of 10?
False
Suppose -3*m = -5*m + 18. Let l(b) = -1 + 2 - 5*b + 1 + b**2. Does 14 divide l(m)?
False
Let b(d) = 33*d + 4. Let h be b(-3). Let t = h + 161. Let k = t + -14. Is 21 a factor of k?
False
Suppose -5*f - 2*h + 7*h + 35 = 0, f - 3 = -3*h. Suppose f - 3 = g. Suppose 0*i + 26 = 5*i - 2*w, g*w = 2*i - 17. Is i a multiple of 2?
True
Is 32 a factor of -1*192/(-28)*14?
True
Let j(t) = t**3 - t**2 + 2. Suppose 5*d = 2*k, -4*d - 15 = d - 5*k. Is 6 a factor of j(d)?
True
Does 17 divide (25 - 3 - 3) + (-1 - 1)?
True
Let p(b) be the second derivative of b**4/12 + 2*b**3/3 + 3*b**2 + 5*b. Is p(-7) a multiple of 16?
False
Suppose 0 = 5*r - 8 - 7. Does 2 divide r?
False
Let p be 86 - (-2 + 1 - -3). Suppose -3*y - y + p = 0. Is y a multiple of 6?
False
Let p(d) = -d - 2. Let x be p(-2). Suppose x = -4*g - 0 + 52. Does 8 divide g?
False
Let p = 67 + -22. Does 9 divide p?
True
Suppose 2*g + g + 222 = 4*y, -268 = -5*y - g. Is y a multiple of 18?
True
Suppose f - 5*s = 4*f - 295, 5*s - 95 = -f. Is f a multiple of 25?
True
Let q = -21 - -11. Let x be 15/q + 34/4. Is 9 a factor of (-82)/(-8) - x/28?
False
Does 6 divide (-3)/(((-8)/(-36)*-3)/4)?
True
Suppose -1 = -2*a + 173. Let m = -54 + a. Is 16 a factor of m?
False
Let u = 4 - 0. Let k be 3 - (u + (0 - 2)). Is (k - 2)/(-1) + 3 a multiple of 3?
False
Let t be ((-30)/(-9))/(-2)*3. Let x = 5 + t. Suppose x = -c - 4*c + 95. Does 19 divide c?
True
Let i(d) = 3*d**3 - 9*d**2 + 10*d - 6. Is 15 a factor of i(4)?
False
Suppose 0 = 29*o - 27*o - 152. Does 13 divide o?
False
Suppose 3*p + 4 = 19. Suppose 0 = -2*m - v + 100, 4*v = p*m + 2*v - 232. Is 16 a factor of m?
True
Suppose 0 = -7*u + 4*u. Suppos